11 is divided by v.
4
Let y(z) = z**2 - 2*z + 3. Let l be y(2). Let t be (0 + 1)/(2/8). Suppose t = -l*o + 13. Calculate the remainder when 8 is divided by o.
2
Let r = 71 + -41. Suppose 6*j - j + r = 0. Calculate the remainder when 11 is divided by ((-3)/j)/(2/24).
5
Let c = -6 - -46. Let g be (-36)/8*c/(-6). Suppose -12 = -4*z, 0 = -5*y - 5*z - 0*z + g. What is the remainder when 5 is divided by y?
2
Suppose -20*i + 19*i = -11. What is the remainder when i is divided by 2?
1
Suppose 0 = 3*i + 4*l - 56, 5*l - 39 = -3*i + 22. Calculate the remainder when i is divided by 2.
0
What is the remainder when (28/3)/((-8)/(-12)) is divided by 5?
4
Let f = -6 - -8. Suppose -3 = -4*t - f*v + v, t + v - 3 = 0. Suppose t = 3*z - 6*z + 9. What is the remainder when 5 is divided by z?
2
Suppose -x - 6 = -20. What is the remainder when 138 is divided by x?
12
Let g = 49 + -11. Calculate the remainder when (20/(-8))/(-5)*g is divided by 5.
4
Suppose 4*m + 0*m - 20 = 0. Suppose -2*u + 48 = 2*w, 0 = -4*w - m*u + 77 + 18. What is the remainder when w is divided by 7?
4
Let u be (180/54)/((-4)/30). Let c = u - -66. Calculate the remainder when c is divided by 11.
8
Let l(w) = -2*w + 6. What is the remainder when 35 is divided by l(-6)?
17
Let n(r) = -r**3 + r**2 - r + 5. Let h = 1 + 6. What is the remainder when h is divided by n(0)?
2
Suppose -1 = 5*h - 21. Let b be (-1)/((1/13)/(-1)). Suppose b = h*k - 7. Calculate the remainder when k is divided by 2.
1
Suppose -4*c - 20 = 172. Let r = 64 - -11. Let n = c + r. Calculate the remainder when n is divided by 14.
13
Let r = -14 + 21. Let j = 5 + 22. Calculate the remainder when j is divided by r.
6
Suppose -5*u + 43 = -c, 18 - 113 = 5*c - u. Let m = -16 - c. What is the remainder when 6 is divided by m?
0
Let q = -64 - -73. What is the remainder when 53 is divided by q?
8
Suppose 4*r - 40 = 44. Calculate the remainder when 62 is divided by r.
20
Suppose 0 = x - 32 + 11. Calculate the remainder when x is divided by 12.
9
Let x = 41 - 26. Suppose 0 = -j + 2*j - x. What is the remainder when 28 is divided by j?
13
What is the remainder when (-786)/(-14) - 1/7 is divided by 29?
27
Suppose -4*h + 75 = -h. What is the remainder when h is divided by 13?
12
Let c(g) = -11*g + 27. Let q(y) = -4*y + 9. Let v(l) = -6*c(l) + 17*q(l). What is the remainder when 26 is divided by v(-9)?
8
Let z = 25 + -13. Let h be (-3 - 10/(-4))*z. Let m(q) = -q**2 - 9*q - 9. Calculate the remainder when 26 is divided by m(h).
8
Suppose 3*c + 2*h = 10, -5*h + 3*h - 2 = 0. What is the remainder when 11 is divided by c?
3
Let m(h) = -h**3 + 4*h**2 + 5*h - 3. Calculate the remainder when 84 is divided by m(4).
16
Let f(z) = 2*z**3 - 3*z**2 + z - 3. What is the remainder when f(4) is divided by 21?
18
Suppose 2*r + o = 0, 2*r - 3*o - 12 = 2*o. Suppose 0 = 3*x - 4*x. Let h = x - -2. What is the remainder when h is divided by r?
0
Let b = -11 + 20. Calculate the remainder when b is divided by 5.
4
Let q be ((-1)/(-2))/(4/(-8)). Let l = q + 1. Suppose 5*j - 21 = -m, 3*j = -l*j - 3*m + 3. Calculate the remainder when j is divided by 2.
1
Suppose 4*z = 5*k - 432, -165 = -2*k + z - 2*z. Suppose 6*a = 2*a + k. Let b(i) = 62*i**3 - 1. Calculate the remainder when b(1) is divided by a.
19
Let g(b) = -7*b + 6. Let h(i) = 20*i - 2. What is the remainder when h(2) is divided by g(-2)?
18
Suppose -6*f + 2*w = -3*f - 8, 2*f + 20 = -5*w. Suppose f = 6*t - 5*t - 34. Calculate the remainder when t is divided by 18.
16
Suppose 4*q = 2*y - 184, 2*y - 79 - 111 = 2*q. Suppose 5*m = 292 + y. Calculate the remainder when m is divided by 20.
18
Let k(y) = -1 + 3 - 2 + 3*y - 3. Calculate the remainder when k(13) is divided by 19.
17
What is the remainder when (3/(-2))/(8/(6528/(-18))) is divided by (-138)/4*(-4)/6?
22
Let q(d) = d**3 + 7*d**2 + 3*d + 9. Let v be q(-6). Let u = 60 - v. Calculate the remainder when 96 is divided by u.
30
Calculate the remainder when 32 is divided by 0*(-1)/3 + 0 + 11.
10
Let y(b) = -b**2 - 2*b + 8. What is the remainder when 17 is divided by y(0)?
1
Let v(g) = g**2 - g. Let a be v(-1). Let x(r) = -5*r + 3. What is the remainder when -5*a/(2/(-7)) is divided by x(-3)?
17
Let f(c) = -c**2 + 7*c + 11. Let z be f(8). Let n(y) = -y + 23. What is the remainder when n(0) is divided by z/(7/(-4) + 2)?
11
What is the remainder when 61 is divided by 6*2 + 18 + -17?
9
Let q = 123 - 84. What is the remainder when q is divided by 10?
9
Let w(g) = -10*g - 45. What is the remainder when 89 is divided by w(-6)?
14
What is the remainder when 39 is divided by (-448)/(-16)*2/4?
11
Let y(t) be the third derivative of -5*t**4/12 + t**3/6 - 3*t**2. Let g be y(-1). Let o = g + -4. Calculate the remainder when o is divided by 2.
1
Let a = -20 + 37. What is the remainder when 50 is divided by a?
16
Let x(n) = -6*n + 65. What is the remainder when x(0) is divided by 33?
32
Let c(j) = -2*j**3 - 2*j**2 - 9. What is the remainder when 38 is divided by c(-3)?
11
What is the remainder when 423/6 - (-3)/(-6) is divided by 19?
13
Let l(v) = -4*v**3 - 2*v**2 + 2. Calculate the remainder when 18 is divided by l(-1).
2
What is the remainder when 12/32 - (-375)/24 is divided by 4?
0
Let y(k) = -k - 1. Let s(g) = 4*g - 63. Calculate the remainder when s(17) is divided by y(-4).
2
Suppose -t - 2 = -72. What is the remainder when t is divided by 9?
7
What is the remainder when (90/(-50))/(2/(-70)) is divided by 16?
15
Let a(s) = 3*s + 1. Let g(x) = -13*x**3 - 2*x**2 - x. Let n be g(-1). Calculate the remainder when a(n) is divided by 10.
7
Calculate the remainder when ((-6)/(-18))/((-1)/(-6)) + 38 is divided by 15.
10
Let j(h) = -h. Let q be j(1). What is the remainder when 4/14 + (-808)/(-14) is divided by q + (-1 - 0) - -22?
18
Let a = -207 + 220. Let l = 12 + -5. What is the remainder when a is divided by l?
6
What is the remainder when 174/10 - (-18)/(-45) is divided by 10?
7
Calculate the remainder when (-2)/6 - 637/(-21) is divided by 5.
0
Let k be -2*4/16*-60. Let x = -17 + k. What is the remainder when 38 is divided by x?
12
Let t = 36 + -61. Let z = t - -32. What is the remainder when z is divided by 2?
1
Suppose -5*c = 2*i - 58, -c + 17 = -4*i + 1. What is the remainder when c is divided by 5?
2
What is the remainder when -4 + 3 + -2 + 85 is divided by 12?
10
Let t(w) = 58*w**2 - 4*w - 3. Calculate the remainder when t(-1) is divided by 16.
11
Let t = -1 + -3. What is the remainder when 2 is divided by t - -2 - -1 - -2?
0
Suppose 6*l = 3*l + 186. Suppose 2*t = -42 + 106. Calculate the remainder when l is divided by t.
30
Let a(m) = -m**2 + 6*m - 1. Let g be 6 - (-1)/(1/(-2)). What is the remainder when a(g) is divided by 4?
3
Let v(d) = -d**3 + 5*d**2 - d + 2. Let b be v(4). Suppose -2*j - 70 = 3*j. Calculate the remainder when 25 is divided by 122/b - 4/j.
7
Let k = -80 - -195. What is the remainder when k is divided by 17?
13
Let i = 458 - 237. Suppose 5*k - i = 124. What is the remainder when k is divided by 18?
15
Suppose h + 4*h = 190. Suppose 3*w - v = 42, 2*w + w + 5*v - 24 = 0. Let g = 0 + w. What is the remainder when h is divided by g?
12
Let k = 205 + -198. Calculate the remainder when 9 is divided by k.
2
Suppose 5*s - 5*f = s + 16, 0 = -4*f. Calculate the remainder when 7 is divided by s.
3
Suppose -m = 5*m - 102. What is the remainder when 64 is divided by m?
13
Let h be (-16)/(2*(3 - 4)). Let u(z) = z**2 - 6*z + 17. What is the remainder when 63 is divided by u(h)?
30
Let g be (-470)/90 - 2/(-9). Let k(q) = q**3 - 2*q - 4. Let t be k(3). Let d = t + g. Calculate the remainder when 34 is divided by d.
10
Suppose -30 = -3*y + 45. What is the remainder when y is divided by 9?
7
Suppose 0 = 3*i + 2*a + a - 30, 5*i - a - 44 = 0. Calculate the remainder when i is divided by 4.
1
Calculate the remainder when 27 is divided by 2 - (9/(-1) - -1).
7
Let z = -60 - -129. What is the remainder when z is divided by 25?
19
Let m(t) = t**2 - 10*t + 7. What is the remainder when m(10) is divided by 4?
3
Let k(f) = 16*f**2. Suppose -163 = -3*d + 5*q, -2*d + 2*q = -74 - 40. Calculate the remainder when d is divided by k(1).
13
Suppose -7*p = -2*p - 70. Calculate the remainder when ((-39)/2)/3*-4 is divided by p.
12
Let p = -115 - -235. Calculate the remainder when p is di